m) = -m**3 + m**2 - m. Calculate y(l).
-6
Let c(v) = 8*v - 1. Let a be c(-1). Let b = a + 13. Let u(j) = j + 3. What is u(b)?
7
Let c(i) be the second derivative of -i**3/6 - i**2/2 - 7*i. Suppose -2*y - 3*y = 20. Calculate c(y).
3
Let u(l) = -l**3 + 5*l**2 - 4*l. Suppose 4*p - 69 = 23. Let v = p + -20. Determine u(v).
6
Let c be -3*(4/(-12) + 1). Let r(v) = 6*v + 3. Calculate r(c).
-9
Let q(u) be the third derivative of 0*u + 0 - 2/3*u**3 - 4*u**2 + 1/24*u**4. What is q(-4)?
-8
Let r = 91 - 96. Let p(j) = -j**2 - 6*j - 1. Calculate p(r).
4
Suppose 5 = 4*a - o - 38, o - 7 = -a. Let h be 4/a - 8/20. Let r(t) = -4*t - 4*t + 9*t + h*t. Calculate r(-5).
-5
Suppose -d + 3 - 7 = 0. Let r = 7 + d. Let o(s) = -s - 1. Determine o(r).
-4
Let w(q) be the third derivative of -q**4/24 - 5*q**3/6 - 22*q**2 + 1. Suppose 2*i - 1 = 5. Suppose 5*h = 5*z - 10, 7*h - 2*z + 4 = i*h. Determine w(h).
-5
Let h be 1 - 0 - (-2 + 1). Let w(i) = -4*i + 4*i**2 - 4*i**2 - i**2 - h + 5*i. Determine w(0).
-2
Let s(n) be the second derivative of n**5/20 + n**4/6 + n**3/3 + 3*n**2/2 + 3*n + 29. Let v be ((-3)/6)/((-2)/(-8)). Determine s(v).
-1
Let q(i) be the third derivative of i**6/120 - i**5/15 - i**4/24 - i**3/3 + 48*i**2. Calculate q(4).
-6
Let l(r) be the third derivative of r**5/60 - 7*r**4/24 - r**3/6 - 15*r**2 + 1. Determine l(9).
17
Let c = -1 - -1. Let h(n) be the first derivative of -1/2*n**2 - 5*n + 3. Calculate h(c).
-5
Let o be -3 + 2 + (-16)/(-12). Let p(m) be the first derivative of 7*m - 5/2*m**2 - 2 + o*m**3. Give p(5).
7
Suppose 0 = -3*x - 5 + 14. Let j(s) = -1 - 2*s + x*s - 3*s - 3*s. Calculate j(-1).
4
Let p(o) = -3*o. Let c be p(2). Let m = 3 + c. Let g(u) be the third derivative of u**4/24 + u**3/2 + 90*u**2. What is g(m)?
0
Let r(j) = j**2 + 5*j - 4. Let s be r(-6). Let i(y) = -3*y**3 + 2*y**3 - 2*y**s + 0*y**3 + 3 - 3*y**2. Calculate i(-5).
3
Suppose 0 = -4*z - 0*r + 2*r - 106, -5*r + 90 = -3*z. Let u be 13/5 + (-10)/z. Suppose 0 = -u*l - 2*q - 7, 0 = l + l - 5*q - 27. Let s(f) = -f + 2. Give s(l).
1
Let b(f) = f**2 + f. Let h(p) = -3*p**2 + 3*p - 3. Suppose -2*z + 5*x = -2, 5*z - 5 = -0*x - 4*x. Suppose -3*u - 1 = -7. Let s(y) = u*b(y) + z*h(y). Give s(4).
1
Let c be 1 - (-3)/((-6)/10). Let d(t) = t**2 + 7*t**2 - 4 - 5*t**2 - 4*t + t**3. Give d(c).
-4
Let w(d) = -d + 1. Let o(m) = 5. Let f(i) = o(i) + 2*w(i). Give f(6).
-5
Let u(d) = -d**3 + 2*d**2 + d + 4. Let b be (-51)/(-9) - (-3)/9. Suppose p + l = 0, -3*p = -0*p + l - b. Determine u(p).
-2
Let p(a) = -2 - 4*a + 7*a - a. Give p(-3).
-8
Let n(v) be the first derivative of -v**3/3 + 3*v**2/2 - v + 3. Let q be n(2). Let g(x) = -x**2 - q + 5*x + 4*x - 10*x. Determine g(-3).
-7
Suppose 18 = 3*b - 0*b + 3*v, 2*b - 5*v = -16. Let j(d) = -d**2 - b*d + 3*d + d - 1. Let n be 2*(-1 + (-10)/(-4)). What is j(n)?
-4
Let g(b) = -b**3 + 5*b - 4. Let u(m) = -m**3 + m**2 + 5*m - 4. Let w(n) = 2*g(n) - 3*u(n). Let z(p) = p - 4. Let y be z(-4). Let x = y - -12. Determine w(x).
0
Let q(l) = -l**3 - 5*l**2 - 4*l + 2. Let g be q(-4). Let x be -1 + (1 + -1)/g. Let i(n) = 11*n**2 + n + 1. What is i(x)?
11
Let b(a) = a**2 + 6*a + 6. Let h = 7 + -6. Suppose 5*y + h = z - 18, 0 = 2*y - z + 7. Calculate b(y).
-2
Let i(o) = o**2 - 5*o - 18. Let l be i(8). Let c be -6 - 1/((-3)/l). Let p(z) = -2*z. What is p(c)?
8
Let p(q) = -q**2 + q. Let u(n) = -4*n**2 - 8*n + 7. Let y(m) = -3*p(m) + u(m). Let x be y(-12). Let d(i) = -i**3 - 4*i**2 + 4*i + 4. Calculate d(x).
9
Let s be -2*4*(-6)/(-8). Let k(b) be the third derivative of b**6/120 + b**5/10 + 7*b**3/6 + 4*b**2. Calculate k(s).
7
Let p(q) be the first derivative of 1/2*q**2 + 2 + 4*q. Suppose 5*h + 0*h + 10 = 0. What is p(h)?
2
Let f(t) be the third derivative of -t**5/60 - t**4/4 + t**3/3 + 12*t**2 + 2. Calculate f(-6).
2
Let t(c) = -c. Suppose 7*r - 12*r = 0. Calculate t(r).
0
Let m(o) = 1. Let t(x) = -x + 1. Let y(v) = -3*m(v) - t(v). Let p(s) = -3*s**2 - 34*s - 6. Let w be p(-11). Determine y(w).
1
Let h be 0/(-2) + (5 - 5). Let k(u) = -9 - u + u + u. What is k(h)?
-9
Let j(z) = 23*z - 1. Let c be j(2). Suppose 10*g - c = 5*g. Suppose -q - k - 2 = 0, -2*q = -4*k + 7 + g. Let s(t) = -t**3 - 3*t**2 + 5*t + 2. Calculate s(q).
-2
Let b(g) be the first derivative of -3*g**2/2 - 8*g + 35. Calculate b(-7).
13
Let g(i) be the third derivative of 1/24*i**4 + 0 + 1/3*i**3 + 0*i - 3*i**2. Calculate g(4).
6
Let v be (-12 - 0)*(-2)/(-4). Let u(i) = 2*i + 8. Let x be u(v). Let q(j) be the third derivative of -j**4/24 + j**3/3 + j**2. What is q(x)?
6
Let y(u) = 2 - 1 + u**2 + u + u + u**3. Suppose -2*l = 2*l + 20. Let t = -6 - l. Calculate y(t).
-1
Let k(t) = -t - 1. Let g be k(3). Let u be 20/g*2/2. Let x(h) = -h**3 - 4*h**2 + 4*h - 7. Give x(u).
-2
Let r(x) = x**2 + 3*x - 6. Let p be r(-5). Let g(c) be the third derivative of 0*c**5 + 0*c + 0*c**3 + 1/40*c**6 + c**2 + 0 + 0*c**p. What is g(-1)?
-3
Suppose -2*d - d = 0. Let r(t) = -t - 4*t + d*t - t. Give r(-1).
6
Let k(t) be the second derivative of t**5/20 + 2*t**4/3 + t**3 + 5*t**2/2 - 22*t. Give k(-7).
12
Let q = 8 + -13. Let s(p) = -p - 2. Calculate s(q).
3
Let h(t) = t + 1. Let v(p) = -p + 9. Let l be v(7). Let y(k) = -k**3 + k**2 + k - 2. Let u be y(l). Calculate h(u).
-3
Let z(c) be the first derivative of -1 + 0*c**2 + 0*c - 1/3*c**3 - 1/12*c**4 - 1/60*c**5. Let r(n) be the third derivative of z(n). Determine r(-3).
4
Let u = 1 + 1. Let z be 3 - -3*u/(-3). Let t(x) = -6*x**3 - x**2 + x. Calculate t(z).
-6
Suppose 4*f + 3*z - 6*z = 20, -f - 3*z = -5. Let t be (-1 - -8) + (-5 - -3). Let b(j) = j + 3*j - t - 3*j + j. Calculate b(f).
5
Let o(l) = -l**2 - 9*l - 4. Let k be o(-8). Let a(b) = b**2 - 4*b - 5. Calculate a(k).
-5
Let k(l) = l**2 - l - 8. Let m be 2/8 - 5/20. Let a be k(m). Let i(d) = -d**3 - 9*d**2 - 7*d + 8. Determine i(a).
0
Let x(n) = -11*n - 11 + 5*n - n**2 + 1. What is x(-7)?
-17
Let i(j) be the third derivative of j**5/15 - j**4/24 + j**3/6 - 23*j**2. Let h = 2 + -1. Give i(h).
4
Suppose -4*v + 4 = -12. Suppose 6 - 30 = v*b. Let j(d) = d**3 + 5*d**2 - 7*d + 3. Determine j(b).
9
Let v(h) be the second derivative of 2*h**4/3 - h**2/2 - 23*h. Determine v(1).
7
Suppose -19 = 5*h - 4. Let j(u) = 4*u - u - 4*u - 4. Calculate j(h).
-1
Suppose -4*g - 6 = 2*g. Let b(i) = i**2 - i. Let q be b(2). Let a(r) = -1 + 5*r**2 + 0 + r**3 - 4*r**q. Give a(g).
-1
Let c(w) be the second derivative of -1/12*w**4 + w - w**3 - 2*w**2 + 0. Calculate c(-5).
1
Let i(t) = 2*t - 2. Let q be i(5). Suppose -8*j + q = -4*j. Let r(n) = -3*n + 2. Give r(j).
-4
Let v(u) be the second derivative of -u**4/24 + u**3 - 3*u**2/2 - 6*u. Let s(k) be the first derivative of v(k). Calculate s(0).
6
Let q(p) = 4 - 10 + p + 9 + 3. Let c(f) = 3. Let i(j) = 5*c(j) - 3*q(j). Give i(-5).
12
Suppose 5*t - 8 = 2*v, 5 = -4*t + 5*v + 25. Suppose t = -3*d - 12 - 0. Let x(r) = 4*r - 7. Let l(h) = 5*h - 8. Let m(z) = 5*l(z) - 6*x(z). Determine m(d).
-2
Let z(g) = -2*g + 4 - 2 + 9*g + g**2. Let y be z(-6). Let i(l) = 4 + 4*l + l**2 + 2*l + 0. Determine i(y).
-4
Let n = -1 - -3. Suppose -r + n = r. Let t(y) = -5*y**2 - 3*y + 17. Let g(a) = 2*a**2 + a - 6. Let m(p) = 17*g(p) + 6*t(p). Determine m(r).
3
Let a(h) = -h**3 - 7*h**2 + 8*h + 6. Let l be 6/(-4) - (-65)/(-10). Calculate a(l).
6
Let b(r) = r**3 + 6*r**2 + 6*r + 5. Let y(a) = -4*a**2 - 1. Let s(g) = g - 6. Let w be s(0). Let t = -5 - w. Let m be y(t). What is b(m)?
0
Let i be (-22)/77 + 18/14. Let g(y) = -14*y**2 + y. Give g(i).
-13
Suppose 4*a - 9 = q, 3*a + 4*q - 27 = -2*a. Let s be (-2)/(0 + 2 - a). Let t(v) = -3*v**2 - v**3 + v - 2 + 3*v**2 + v**2. Give t(s).
-4
Let x(v) = 5*v**3 - v + 1. Suppose 4*g - p = 1 + 3, 3*g = -4*p + 3. Give x(g).
5
Let d(n) = -87*n + 4 - 80*n - 83*n + 251*n. Calculate d(2).
6
Suppose -2*c + 4*c + 3*a - 34 = 0, 0 = 5*c + a - 59. Let w = -15 + c. Let u(p) = -p**3 - 3*p**2 + 2*p - 2. Determine u(w).
6
Let z(x) = -x - 5. Let n be z(-10). Let c(r) be the first derivative of -n*r + 0*r**2 + 1/4*r**4 - r**3 + 2. Give c(4).
11
Let u(v) be the third derivative of v**4/24 + 11*v**3/6 - 51*v**2. What is u(-8)?
3
Let q(p) = p**2 - 3*p. Let y(k) = 3*k**2 - 7*k + 1. Let r(g) = 5*q(g) - 2*y(g). Let c(o) be the first derivative of r(o). Let z be 1 - 0 - (-1 + 0). Give c(z).
-5
Let n(c) = -4*c**2 + 